[INFO] cloning repository https://github.com/hsmtkk/improved-dollop
[INFO] running `Command { std: "git" "-c" "credential.helper=" "-c" "credential.helper=/workspace/cargo-home/bin/git-credential-null" "clone" "--bare" "https://github.com/hsmtkk/improved-dollop" "/workspace/cache/git-repos/https%3A%2F%2Fgithub.com%2Fhsmtkk%2Fimproved-dollop", kill_on_drop: false }`
[INFO] [stderr] Cloning into bare repository '/workspace/cache/git-repos/https%3A%2F%2Fgithub.com%2Fhsmtkk%2Fimproved-dollop'...
[INFO] running `Command { std: "git" "rev-parse" "HEAD", kill_on_drop: false }`
[INFO] [stdout] 07d024076f70aac3bc4dccaba684c46dfbbc69f3
[INFO] checking hsmtkk/improved-dollop against master#e6e4f7ed1589e03bc2f6c5931c1a72e7947e8682 for beta-170-4
[INFO] running `Command { std: "git" "clone" "/workspace/cache/git-repos/https%3A%2F%2Fgithub.com%2Fhsmtkk%2Fimproved-dollop" "/workspace/builds/worker-3-tc2/source", kill_on_drop: false }`
[INFO] [stderr] Cloning into '/workspace/builds/worker-3-tc2/source'...
[INFO] [stderr] done.
[INFO] validating manifest of git repo https://github.com/hsmtkk/improved-dollop on toolchain e6e4f7ed1589e03bc2f6c5931c1a72e7947e8682
[INFO] running `Command { std: CARGO_HOME="/workspace/cargo-home" RUSTUP_HOME="/workspace/rustup-home" "/workspace/cargo-home/bin/cargo" "+e6e4f7ed1589e03bc2f6c5931c1a72e7947e8682" "metadata" "--manifest-path" "Cargo.toml" "--no-deps", kill_on_drop: false }`
[INFO] started tweaking git repo https://github.com/hsmtkk/improved-dollop
[INFO] finished tweaking git repo https://github.com/hsmtkk/improved-dollop
[INFO] tweaked toml for git repo https://github.com/hsmtkk/improved-dollop written to /workspace/builds/worker-3-tc2/source/Cargo.toml
[INFO] crate git repo https://github.com/hsmtkk/improved-dollop already has a lockfile, it will not be regenerated
[INFO] running `Command { std: CARGO_HOME="/workspace/cargo-home" RUSTUP_HOME="/workspace/rustup-home" "/workspace/cargo-home/bin/cargo" "+e6e4f7ed1589e03bc2f6c5931c1a72e7947e8682" "fetch" "--manifest-path" "Cargo.toml", kill_on_drop: false }`
[INFO] running `Command { std: "docker" "create" "-v" "/var/lib/crater-agent-workspace/builds/worker-3-tc2/target:/opt/rustwide/target:rw,Z" "-v" "/var/lib/crater-agent-workspace/builds/worker-3-tc2/source:/opt/rustwide/workdir:ro,Z" "-v" "/var/lib/crater-agent-workspace/cargo-home:/opt/rustwide/cargo-home:ro,Z" "-v" "/var/lib/crater-agent-workspace/rustup-home:/opt/rustwide/rustup-home:ro,Z" "-e" "SOURCE_DIR=/opt/rustwide/workdir" "-e" "CARGO_TARGET_DIR=/opt/rustwide/target" "-e" "CARGO_HOME=/opt/rustwide/cargo-home" "-e" "RUSTUP_HOME=/opt/rustwide/rustup-home" "-w" "/opt/rustwide/workdir" "-m" "1610612736" "--user" "0:0" "--network" "none" "ghcr.io/rust-lang/crates-build-env/linux@sha256:19e73879b68f455e41552ea35293514db52ea292d993f571636dbffedb77a1ee" "/opt/rustwide/cargo-home/bin/cargo" "+e6e4f7ed1589e03bc2f6c5931c1a72e7947e8682" "metadata" "--no-deps" "--format-version=1", kill_on_drop: false }`
[INFO] [stdout] a0fdbc4c0a78673232fd16969450498949570f93322fcab1be9961b6324d39df
[INFO] running `Command { std: "docker" "start" "-a" "a0fdbc4c0a78673232fd16969450498949570f93322fcab1be9961b6324d39df", kill_on_drop: false }`
[INFO] running `Command { std: "docker" "inspect" "a0fdbc4c0a78673232fd16969450498949570f93322fcab1be9961b6324d39df", kill_on_drop: false }`
[INFO] running `Command { std: "docker" "rm" "-f" "a0fdbc4c0a78673232fd16969450498949570f93322fcab1be9961b6324d39df", kill_on_drop: false }`
[INFO] [stdout] a0fdbc4c0a78673232fd16969450498949570f93322fcab1be9961b6324d39df
[INFO] running `Command { std: "docker" "create" "-v" "/var/lib/crater-agent-workspace/builds/worker-3-tc2/target:/opt/rustwide/target:rw,Z" "-v" "/var/lib/crater-agent-workspace/builds/worker-3-tc2/source:/opt/rustwide/workdir:ro,Z" "-v" "/var/lib/crater-agent-workspace/cargo-home:/opt/rustwide/cargo-home:ro,Z" "-v" "/var/lib/crater-agent-workspace/rustup-home:/opt/rustwide/rustup-home:ro,Z" "-e" "SOURCE_DIR=/opt/rustwide/workdir" "-e" "CARGO_TARGET_DIR=/opt/rustwide/target" "-e" "CARGO_INCREMENTAL=0" "-e" "RUST_BACKTRACE=full" "-e" "RUSTFLAGS=--cap-lints=forbid" "-e" "RUSTDOCFLAGS=--cap-lints=forbid" "-e" "CARGO_HOME=/opt/rustwide/cargo-home" "-e" "RUSTUP_HOME=/opt/rustwide/rustup-home" "-w" "/opt/rustwide/workdir" "-m" "1610612736" "--user" "0:0" "--network" "none" "ghcr.io/rust-lang/crates-build-env/linux@sha256:19e73879b68f455e41552ea35293514db52ea292d993f571636dbffedb77a1ee" "/opt/rustwide/cargo-home/bin/cargo" "+e6e4f7ed1589e03bc2f6c5931c1a72e7947e8682" "check" "--frozen" "--all" "--all-targets" "--message-format=json", kill_on_drop: false }`
[INFO] [stdout] 7c67694efd44c292cd167145636e022a029f41abf6099ff1be5e826013265c7b
[INFO] running `Command { std: "docker" "start" "-a" "7c67694efd44c292cd167145636e022a029f41abf6099ff1be5e826013265c7b", kill_on_drop: false }`
[INFO] [stderr]    Compiling libc v0.2.109
[INFO] [stderr]    Compiling proc-macro2 v1.0.33
[INFO] [stderr]    Compiling unicode-xid v0.2.2
[INFO] [stderr]    Compiling syn v1.0.82
[INFO] [stderr]    Compiling autocfg v1.0.1
[INFO] [stderr]    Compiling memchr v2.4.1
[INFO] [stderr]    Compiling log v0.4.14
[INFO] [stderr]    Compiling pkg-config v0.3.23
[INFO] [stderr]    Compiling cc v1.0.72
[INFO] [stderr]     Checking pin-project-lite v0.2.7
[INFO] [stderr]     Checking once_cell v1.8.0
[INFO] [stderr]    Compiling version_check v0.9.3
[INFO] [stderr]    Compiling futures-core v0.3.18
[INFO] [stderr]     Checking bytes v1.1.0
[INFO] [stderr]     Checking itoa v0.4.8
[INFO] [stderr]    Compiling futures-task v0.3.18
[INFO] [stderr]     Checking bitflags v1.3.2
[INFO] [stderr]    Compiling futures-util v0.3.18
[INFO] [stderr]     Checking futures-io v0.3.18
[INFO] [stderr]     Checking pin-utils v0.1.0
[INFO] [stderr]     Checking fnv v1.0.7
[INFO] [stderr]     Checking slab v0.4.5
[INFO] [stderr]     Checking lazy_static v1.4.0
[INFO] [stderr]     Checking futures-sink v0.3.18
[INFO] [stderr]     Checking tracing-core v0.1.21
[INFO] [stderr]    Compiling serde_derive v1.0.130
[INFO] [stderr]    Compiling openssl v0.10.38
[INFO] [stderr]    Compiling ahash v0.7.6
[INFO] [stderr]     Checking foreign-types-shared v0.1.1
[INFO] [stderr]     Checking http v0.2.5
[INFO] [stderr]    Compiling serde v1.0.130
[INFO] [stderr]     Checking smallvec v1.7.0
[INFO] [stderr]    Compiling futures-channel v0.3.18
[INFO] [stderr]    Compiling httparse v1.5.1
[INFO] [stderr]     Checking matches v0.1.9
[INFO] [stderr]    Compiling tokio v1.14.0
[INFO] [stderr]    Compiling indexmap v1.7.0
[INFO] [stderr]     Checking tower-service v0.3.1
[INFO] [stderr]    Compiling ryu v1.0.6
[INFO] [stderr]    Compiling parking_lot_core v0.8.5
[INFO] [stderr]     Checking foreign-types v0.3.2
[INFO] [stderr]     Checking instant v0.1.12
[INFO] [stderr]     Checking tinyvec_macros v0.1.0
[INFO] [stderr]     Checking scopeguard v1.1.0
[INFO] [stderr]     Checking try-lock v0.2.3
[INFO] [stderr]    Compiling native-tls v0.2.8
[INFO] [stderr]    Compiling vcpkg v0.2.15
[INFO] [stderr]     Checking percent-encoding v2.1.0
[INFO] [stderr]    Compiling quote v1.0.10
[INFO] [stderr]     Checking lock_api v0.4.5
[INFO] [stderr]     Checking want v0.3.0
[INFO] [stderr]     Checking form_urlencoded v1.0.1
[INFO] [stderr]     Checking tinyvec v1.5.1
[INFO] [stderr]     Checking openssl-probe v0.1.4
[INFO] [stderr]     Checking getrandom v0.2.3
[INFO] [stderr]     Checking num_cpus v1.13.0
[INFO] [stderr]     Checking mio v0.7.14
[INFO] [stderr]     Checking socket2 v0.4.2
[INFO] [stderr]    Compiling serde_json v1.0.72
[INFO] [stderr]     Checking httpdate v1.0.2
[INFO] [stderr]    Compiling async-trait v0.1.51
[INFO] [stderr]     Checking rand_core v0.6.3
[INFO] [stderr]     Checking tower-layer v0.3.1
[INFO] [stderr]     Checking parking_lot v0.11.2
[INFO] [stderr]    Compiling encoding_rs v0.8.29
[INFO] [stderr]     Checking mime v0.3.16
[INFO] [stderr]     Checking unicode-bidi v0.3.7
[INFO] [stderr]     Checking ppv-lite86 v0.2.15
[INFO] [stderr]     Checking atty v0.2.14
[INFO] [stderr]     Checking hashbrown v0.11.2
[INFO] [stderr]    Compiling openssl-sys v0.9.71
[INFO] [stderr]     Checking scheduled-thread-pool v0.2.5
[INFO] [stderr]     Checking aho-corasick v0.7.18
[INFO] [stderr]     Checking unicode-width v0.1.9
[INFO] [stderr]     Checking fallible-streaming-iterator v0.1.9
[INFO] [stderr]     Checking fallible-iterator v0.2.0
[INFO] [stderr]    Compiling anyhow v1.0.51
[INFO] [stderr]     Checking http-range-header v0.3.0
[INFO] [stderr]     Checking regex-syntax v0.6.25
[INFO] [stderr]     Checking textwrap v0.11.0
[INFO] [stderr]     Checking r2d2 v0.8.9
[INFO] [stderr]     Checking humantime v2.1.0
[INFO] [stderr]     Checking ansi_term v0.12.1
[INFO] [stderr]     Checking rand_chacha v0.3.1
[INFO] [stderr]     Checking matchit v0.4.4
[INFO] [stderr]     Checking unicode-normalization v0.1.19
[INFO] [stderr]     Checking ipnet v2.3.1
[INFO] [stderr]     Checking vec_map v0.8.2
[INFO] [stderr]     Checking hashlink v0.7.0
[INFO] [stderr]    Compiling libsqlite3-sys v0.23.1
[INFO] [stderr]     Checking strsim v0.8.0
[INFO] [stderr]     Checking rand v0.8.4
[INFO] [stderr]     Checking yaml-rust v0.3.5
[INFO] [stderr]     Checking sync_wrapper v0.1.1
[INFO] [stderr]     Checking base64 v0.13.0
[INFO] [stderr]     Checking termcolor v1.1.2
[INFO] [stderr]     Checking http-body v0.4.4
[INFO] [stderr]     Checking clap v2.34.0
[INFO] [stderr]     Checking regex v1.5.4
[INFO] [stderr]     Checking nanoid v0.4.0
[INFO] [stderr]     Checking idna v0.2.3
[INFO] [stderr]     Checking tower-http v0.2.0
[INFO] [stderr]     Checking url v2.2.2
[INFO] [stderr]     Checking env_logger v0.9.0
[INFO] [stderr]    Compiling tokio-macros v1.6.0
[INFO] [stderr]    Compiling tracing-attributes v0.1.18
[INFO] [stderr]    Compiling pin-project-internal v1.0.8
[INFO] [stdout] error: linking with `cc` failed: exit status: 1
[INFO] [stdout]   |
[INFO] [stdout]   = note: LC_ALL="C" PATH="/opt/rustwide/rustup-home/toolchains/e6e4f7ed1589e03bc2f6c5931c1a72e7947e8682/lib/rustlib/x86_64-unknown-linux-gnu/bin:/opt/rustwide/cargo-home/bin:/usr/local/sbin:/usr/local/bin:/usr/sbin:/usr/bin:/sbin:/bin" VSLANG="1033" "cc" "-Wl,--version-script=/tmp/rustc0jRPn9/list" "-Wl,--no-undefined-version" "-m64" "/tmp/rustc0jRPn9/symbols.o" "/opt/rustwide/target/debug/deps/tracing_attributes-209702c35e25ef25.tracing_attributes.52432a055092b975-cgu.0.rcgu.o" "/opt/rustwide/target/debug/deps/tracing_attributes-209702c35e25ef25.tracing_attributes.52432a055092b975-cgu.1.rcgu.o" "/opt/rustwide/target/debug/deps/tracing_attributes-209702c35e25ef25.tracing_attributes.52432a055092b975-cgu.10.rcgu.o" "/opt/rustwide/target/debug/deps/tracing_attributes-209702c35e25ef25.tracing_attributes.52432a055092b975-cgu.11.rcgu.o" "/opt/rustwide/target/debug/deps/tracing_attributes-209702c35e25ef25.tracing_attributes.52432a055092b975-cgu.12.rcgu.o" "/opt/rustwide/target/debug/deps/tracing_attributes-209702c35e25ef25.tracing_attributes.52432a055092b975-cgu.13.rcgu.o" "/opt/rustwide/target/debug/deps/tracing_attributes-209702c35e25ef25.tracing_attributes.52432a055092b975-cgu.14.rcgu.o" "/opt/rustwide/target/debug/deps/tracing_attributes-209702c35e25ef25.tracing_attributes.52432a055092b975-cgu.15.rcgu.o" "/opt/rustwide/target/debug/deps/tracing_attributes-209702c35e25ef25.tracing_attributes.52432a055092b975-cgu.2.rcgu.o" "/opt/rustwide/target/debug/deps/tracing_attributes-209702c35e25ef25.tracing_attributes.52432a055092b975-cgu.3.rcgu.o" "/opt/rustwide/target/debug/deps/tracing_attributes-209702c35e25ef25.tracing_attributes.52432a055092b975-cgu.4.rcgu.o" "/opt/rustwide/target/debug/deps/tracing_attributes-209702c35e25ef25.tracing_attributes.52432a055092b975-cgu.5.rcgu.o" "/opt/rustwide/target/debug/deps/tracing_attributes-209702c35e25ef25.tracing_attributes.52432a055092b975-cgu.6.rcgu.o" "/opt/rustwide/target/debug/deps/tracing_attributes-209702c35e25ef25.tracing_attributes.52432a055092b975-cgu.7.rcgu.o" "/opt/rustwide/target/debug/deps/tracing_attributes-209702c35e25ef25.tracing_attributes.52432a055092b975-cgu.8.rcgu.o" "/opt/rustwide/target/debug/deps/tracing_attributes-209702c35e25ef25.tracing_attributes.52432a055092b975-cgu.9.rcgu.o" "/opt/rustwide/target/debug/deps/tracing_attributes-209702c35e25ef25.47arjtaslbusdid.rcgu.rmeta" "/opt/rustwide/target/debug/deps/tracing_attributes-209702c35e25ef25.kervxkhwhk63x24.rcgu.o" "-Wl,--as-needed" "-L" "/opt/rustwide/target/debug/deps" "-L" "/opt/rustwide/rustup-home/toolchains/e6e4f7ed1589e03bc2f6c5931c1a72e7947e8682/lib/rustlib/x86_64-unknown-linux-gnu/lib" "-Wl,-Bstatic" "/opt/rustwide/target/debug/deps/libsyn-c49b559b03e87b78.rlib" "/opt/rustwide/target/debug/deps/libquote-ef94b8c5958c4d6c.rlib" "/opt/rustwide/target/debug/deps/libproc_macro2-67cf8f4546c1c1f2.rlib" "/opt/rustwide/target/debug/deps/libunicode_xid-5a8677df346b7e22.rlib" "/opt/rustwide/rustup-home/toolchains/e6e4f7ed1589e03bc2f6c5931c1a72e7947e8682/lib/rustlib/x86_64-unknown-linux-gnu/lib/libproc_macro-65d7b1fec1d14dd1.rlib" "/opt/rustwide/rustup-home/toolchains/e6e4f7ed1589e03bc2f6c5931c1a72e7947e8682/lib/rustlib/x86_64-unknown-linux-gnu/lib/libstd-a8a9ba95b1228749.rlib" "/opt/rustwide/rustup-home/toolchains/e6e4f7ed1589e03bc2f6c5931c1a72e7947e8682/lib/rustlib/x86_64-unknown-linux-gnu/lib/libpanic_unwind-658322f66b02b1f7.rlib" "/opt/rustwide/rustup-home/toolchains/e6e4f7ed1589e03bc2f6c5931c1a72e7947e8682/lib/rustlib/x86_64-unknown-linux-gnu/lib/libobject-956ca946b7379eb6.rlib" "/opt/rustwide/rustup-home/toolchains/e6e4f7ed1589e03bc2f6c5931c1a72e7947e8682/lib/rustlib/x86_64-unknown-linux-gnu/lib/libmemchr-dd67659c95cf28db.rlib" "/opt/rustwide/rustup-home/toolchains/e6e4f7ed1589e03bc2f6c5931c1a72e7947e8682/lib/rustlib/x86_64-unknown-linux-gnu/lib/libaddr2line-43e984e033ffe85c.rlib" "/opt/rustwide/rustup-home/toolchains/e6e4f7ed1589e03bc2f6c5931c1a72e7947e8682/lib/rustlib/x86_64-unknown-linux-gnu/lib/libgimli-b33034ed520f9dde.rlib" "/opt/rustwide/rustup-home/toolchains/e6e4f7ed1589e03bc2f6c5931c1a72e7947e8682/lib/rustlib/x86_64-unknown-linux-gnu/lib/librustc_demangle-b682f100759c1cd5.rlib" "/opt/rustwide/rustup-home/toolchains/e6e4f7ed1589e03bc2f6c5931c1a72e7947e8682/lib/rustlib/x86_64-unknown-linux-gnu/lib/libstd_detect-4688e4e2de40eeae.rlib" "/opt/rustwide/rustup-home/toolchains/e6e4f7ed1589e03bc2f6c5931c1a72e7947e8682/lib/rustlib/x86_64-unknown-linux-gnu/lib/libhashbrown-bc98f60a979c8848.rlib" "/opt/rustwide/rustup-home/toolchains/e6e4f7ed1589e03bc2f6c5931c1a72e7947e8682/lib/rustlib/x86_64-unknown-linux-gnu/lib/librustc_std_workspace_alloc-f90abce6b91ba026.rlib" "/opt/rustwide/rustup-home/toolchains/e6e4f7ed1589e03bc2f6c5931c1a72e7947e8682/lib/rustlib/x86_64-unknown-linux-gnu/lib/libminiz_oxide-d2d517397bb596ef.rlib" "/opt/rustwide/rustup-home/toolchains/e6e4f7ed1589e03bc2f6c5931c1a72e7947e8682/lib/rustlib/x86_64-unknown-linux-gnu/lib/libadler-3c3cfff380065fd0.rlib" "/opt/rustwide/rustup-home/toolchains/e6e4f7ed1589e03bc2f6c5931c1a72e7947e8682/lib/rustlib/x86_64-unknown-linux-gnu/lib/libunwind-b4a016bd41fd2384.rlib" "/opt/rustwide/rustup-home/toolchains/e6e4f7ed1589e03bc2f6c5931c1a72e7947e8682/lib/rustlib/x86_64-unknown-linux-gnu/lib/libcfg_if-6b2e32ac6784fab1.rlib" "/opt/rustwide/rustup-home/toolchains/e6e4f7ed1589e03bc2f6c5931c1a72e7947e8682/lib/rustlib/x86_64-unknown-linux-gnu/lib/liblibc-69a45ab5967387b5.rlib" "/opt/rustwide/rustup-home/toolchains/e6e4f7ed1589e03bc2f6c5931c1a72e7947e8682/lib/rustlib/x86_64-unknown-linux-gnu/lib/liballoc-f366d4caf221188e.rlib" "/opt/rustwide/rustup-home/toolchains/e6e4f7ed1589e03bc2f6c5931c1a72e7947e8682/lib/rustlib/x86_64-unknown-linux-gnu/lib/librustc_std_workspace_core-522518611024dce5.rlib" "/opt/rustwide/rustup-home/toolchains/e6e4f7ed1589e03bc2f6c5931c1a72e7947e8682/lib/rustlib/x86_64-unknown-linux-gnu/lib/libcore-05898138a596088a.rlib" "/opt/rustwide/rustup-home/toolchains/e6e4f7ed1589e03bc2f6c5931c1a72e7947e8682/lib/rustlib/x86_64-unknown-linux-gnu/lib/libcompiler_builtins-737a1b3638f612c8.rlib" "-Wl,-Bdynamic" "-lgcc_s" "-lutil" "-lrt" "-lpthread" "-lm" "-ldl" "-lc" "-Wl,--eh-frame-hdr" "-Wl,-z,noexecstack" "-L" "/opt/rustwide/rustup-home/toolchains/e6e4f7ed1589e03bc2f6c5931c1a72e7947e8682/lib/rustlib/x86_64-unknown-linux-gnu/lib" "-o" "/opt/rustwide/target/debug/deps/libtracing_attributes-209702c35e25ef25.so" "-Wl,--gc-sections" "-shared" "-Wl,-z,relro,-z,now" "-nodefaultlibs"
[INFO] [stdout]   = note: /usr/bin/ld: final link failed: No space left on device
[INFO] [stdout]           collect2: error: ld returned 1 exit status
[INFO] [stdout]           
[INFO] [stdout] 
[INFO] [stdout] 
[INFO] [stdout] error: aborting due to previous error
[INFO] [stdout] 
[INFO] [stdout] 
[INFO] [stderr] error: could not compile `tracing-attributes` (lib) due to 2 previous errors
[INFO] [stderr] warning: build failed, waiting for other jobs to finish...
[INFO] [stdout] error: linking with `cc` failed: exit status: 1
[INFO] [stdout]   |
[INFO] [stdout]   = note: LC_ALL="C" PATH="/opt/rustwide/rustup-home/toolchains/e6e4f7ed1589e03bc2f6c5931c1a72e7947e8682/lib/rustlib/x86_64-unknown-linux-gnu/bin:/opt/rustwide/cargo-home/bin:/usr/local/sbin:/usr/local/bin:/usr/sbin:/usr/bin:/sbin:/bin" VSLANG="1033" "cc" "-Wl,--version-script=/tmp/rustcdE8S9x/list" "-Wl,--no-undefined-version" "-m64" "/tmp/rustcdE8S9x/symbols.o" "/opt/rustwide/target/debug/deps/async_trait-08907c4bb1cb5d41.async_trait.dd09b912f417f687-cgu.0.rcgu.o" "/opt/rustwide/target/debug/deps/async_trait-08907c4bb1cb5d41.async_trait.dd09b912f417f687-cgu.1.rcgu.o" "/opt/rustwide/target/debug/deps/async_trait-08907c4bb1cb5d41.async_trait.dd09b912f417f687-cgu.10.rcgu.o" "/opt/rustwide/target/debug/deps/async_trait-08907c4bb1cb5d41.async_trait.dd09b912f417f687-cgu.11.rcgu.o" "/opt/rustwide/target/debug/deps/async_trait-08907c4bb1cb5d41.async_trait.dd09b912f417f687-cgu.12.rcgu.o" "/opt/rustwide/target/debug/deps/async_trait-08907c4bb1cb5d41.async_trait.dd09b912f417f687-cgu.13.rcgu.o" "/opt/rustwide/target/debug/deps/async_trait-08907c4bb1cb5d41.async_trait.dd09b912f417f687-cgu.14.rcgu.o" "/opt/rustwide/target/debug/deps/async_trait-08907c4bb1cb5d41.async_trait.dd09b912f417f687-cgu.15.rcgu.o" "/opt/rustwide/target/debug/deps/async_trait-08907c4bb1cb5d41.async_trait.dd09b912f417f687-cgu.2.rcgu.o" "/opt/rustwide/target/debug/deps/async_trait-08907c4bb1cb5d41.async_trait.dd09b912f417f687-cgu.3.rcgu.o" "/opt/rustwide/target/debug/deps/async_trait-08907c4bb1cb5d41.async_trait.dd09b912f417f687-cgu.4.rcgu.o" "/opt/rustwide/target/debug/deps/async_trait-08907c4bb1cb5d41.async_trait.dd09b912f417f687-cgu.5.rcgu.o" "/opt/rustwide/target/debug/deps/async_trait-08907c4bb1cb5d41.async_trait.dd09b912f417f687-cgu.6.rcgu.o" "/opt/rustwide/target/debug/deps/async_trait-08907c4bb1cb5d41.async_trait.dd09b912f417f687-cgu.7.rcgu.o" "/opt/rustwide/target/debug/deps/async_trait-08907c4bb1cb5d41.async_trait.dd09b912f417f687-cgu.8.rcgu.o" "/opt/rustwide/target/debug/deps/async_trait-08907c4bb1cb5d41.async_trait.dd09b912f417f687-cgu.9.rcgu.o" "/opt/rustwide/target/debug/deps/async_trait-08907c4bb1cb5d41.32p8g7pmkoqejp6.rcgu.rmeta" "/opt/rustwide/target/debug/deps/async_trait-08907c4bb1cb5d41.36yd9jm8xjig31yw.rcgu.o" "-Wl,--as-needed" "-L" "/opt/rustwide/target/debug/deps" "-L" "/opt/rustwide/rustup-home/toolchains/e6e4f7ed1589e03bc2f6c5931c1a72e7947e8682/lib/rustlib/x86_64-unknown-linux-gnu/lib" "-Wl,-Bstatic" "/opt/rustwide/target/debug/deps/libsyn-c49b559b03e87b78.rlib" "/opt/rustwide/target/debug/deps/libquote-ef94b8c5958c4d6c.rlib" "/opt/rustwide/target/debug/deps/libproc_macro2-67cf8f4546c1c1f2.rlib" "/opt/rustwide/target/debug/deps/libunicode_xid-5a8677df346b7e22.rlib" "/opt/rustwide/rustup-home/toolchains/e6e4f7ed1589e03bc2f6c5931c1a72e7947e8682/lib/rustlib/x86_64-unknown-linux-gnu/lib/libproc_macro-65d7b1fec1d14dd1.rlib" "/opt/rustwide/rustup-home/toolchains/e6e4f7ed1589e03bc2f6c5931c1a72e7947e8682/lib/rustlib/x86_64-unknown-linux-gnu/lib/libstd-a8a9ba95b1228749.rlib" "/opt/rustwide/rustup-home/toolchains/e6e4f7ed1589e03bc2f6c5931c1a72e7947e8682/lib/rustlib/x86_64-unknown-linux-gnu/lib/libpanic_unwind-658322f66b02b1f7.rlib" "/opt/rustwide/rustup-home/toolchains/e6e4f7ed1589e03bc2f6c5931c1a72e7947e8682/lib/rustlib/x86_64-unknown-linux-gnu/lib/libobject-956ca946b7379eb6.rlib" "/opt/rustwide/rustup-home/toolchains/e6e4f7ed1589e03bc2f6c5931c1a72e7947e8682/lib/rustlib/x86_64-unknown-linux-gnu/lib/libmemchr-dd67659c95cf28db.rlib" "/opt/rustwide/rustup-home/toolchains/e6e4f7ed1589e03bc2f6c5931c1a72e7947e8682/lib/rustlib/x86_64-unknown-linux-gnu/lib/libaddr2line-43e984e033ffe85c.rlib" "/opt/rustwide/rustup-home/toolchains/e6e4f7ed1589e03bc2f6c5931c1a72e7947e8682/lib/rustlib/x86_64-unknown-linux-gnu/lib/libgimli-b33034ed520f9dde.rlib" "/opt/rustwide/rustup-home/toolchains/e6e4f7ed1589e03bc2f6c5931c1a72e7947e8682/lib/rustlib/x86_64-unknown-linux-gnu/lib/librustc_demangle-b682f100759c1cd5.rlib" "/opt/rustwide/rustup-home/toolchains/e6e4f7ed1589e03bc2f6c5931c1a72e7947e8682/lib/rustlib/x86_64-unknown-linux-gnu/lib/libstd_detect-4688e4e2de40eeae.rlib" "/opt/rustwide/rustup-home/toolchains/e6e4f7ed1589e03bc2f6c5931c1a72e7947e8682/lib/rustlib/x86_64-unknown-linux-gnu/lib/libhashbrown-bc98f60a979c8848.rlib" "/opt/rustwide/rustup-home/toolchains/e6e4f7ed1589e03bc2f6c5931c1a72e7947e8682/lib/rustlib/x86_64-unknown-linux-gnu/lib/librustc_std_workspace_alloc-f90abce6b91ba026.rlib" "/opt/rustwide/rustup-home/toolchains/e6e4f7ed1589e03bc2f6c5931c1a72e7947e8682/lib/rustlib/x86_64-unknown-linux-gnu/lib/libminiz_oxide-d2d517397bb596ef.rlib" "/opt/rustwide/rustup-home/toolchains/e6e4f7ed1589e03bc2f6c5931c1a72e7947e8682/lib/rustlib/x86_64-unknown-linux-gnu/lib/libadler-3c3cfff380065fd0.rlib" "/opt/rustwide/rustup-home/toolchains/e6e4f7ed1589e03bc2f6c5931c1a72e7947e8682/lib/rustlib/x86_64-unknown-linux-gnu/lib/libunwind-b4a016bd41fd2384.rlib" "/opt/rustwide/rustup-home/toolchains/e6e4f7ed1589e03bc2f6c5931c1a72e7947e8682/lib/rustlib/x86_64-unknown-linux-gnu/lib/libcfg_if-6b2e32ac6784fab1.rlib" "/opt/rustwide/rustup-home/toolchains/e6e4f7ed1589e03bc2f6c5931c1a72e7947e8682/lib/rustlib/x86_64-unknown-linux-gnu/lib/liblibc-69a45ab5967387b5.rlib" "/opt/rustwide/rustup-home/toolchains/e6e4f7ed1589e03bc2f6c5931c1a72e7947e8682/lib/rustlib/x86_64-unknown-linux-gnu/lib/liballoc-f366d4caf221188e.rlib" "/opt/rustwide/rustup-home/toolchains/e6e4f7ed1589e03bc2f6c5931c1a72e7947e8682/lib/rustlib/x86_64-unknown-linux-gnu/lib/librustc_std_workspace_core-522518611024dce5.rlib" "/opt/rustwide/rustup-home/toolchains/e6e4f7ed1589e03bc2f6c5931c1a72e7947e8682/lib/rustlib/x86_64-unknown-linux-gnu/lib/libcore-05898138a596088a.rlib" "/opt/rustwide/rustup-home/toolchains/e6e4f7ed1589e03bc2f6c5931c1a72e7947e8682/lib/rustlib/x86_64-unknown-linux-gnu/lib/libcompiler_builtins-737a1b3638f612c8.rlib" "-Wl,-Bdynamic" "-lgcc_s" "-lutil" "-lrt" "-lpthread" "-lm" "-ldl" "-lc" "-Wl,--eh-frame-hdr" "-Wl,-z,noexecstack" "-L" "/opt/rustwide/rustup-home/toolchains/e6e4f7ed1589e03bc2f6c5931c1a72e7947e8682/lib/rustlib/x86_64-unknown-linux-gnu/lib" "-o" "/opt/rustwide/target/debug/deps/libasync_trait-08907c4bb1cb5d41.so" "-Wl,--gc-sections" "-shared" "-Wl,-z,relro,-z,now" "-nodefaultlibs"
[INFO] [stdout]   = note: /usr/bin/ld: final link failed: No space left on device
[INFO] [stdout]           collect2: error: ld returned 1 exit status
[INFO] [stdout]           
[INFO] [stdout] 
[INFO] [stdout] 
[INFO] [stdout] error: aborting due to previous error
[INFO] [stdout] 
[INFO] [stdout] 
[INFO] [stdout] error: linking with `cc` failed: exit status: 1
[INFO] [stdout]   |
[INFO] [stdout]   = note: LC_ALL="C" PATH="/opt/rustwide/rustup-home/toolchains/e6e4f7ed1589e03bc2f6c5931c1a72e7947e8682/lib/rustlib/x86_64-unknown-linux-gnu/bin:/opt/rustwide/cargo-home/bin:/usr/local/sbin:/usr/local/bin:/usr/sbin:/usr/bin:/sbin:/bin" VSLANG="1033" "cc" "-Wl,--version-script=/tmp/rustcoew6gl/list" "-Wl,--no-undefined-version" "-m64" "/tmp/rustcoew6gl/symbols.o" "/opt/rustwide/target/debug/deps/pin_project_internal-fcc19b350a0da251.pin_project_internal.4595d878f9106b69-cgu.0.rcgu.o" "/opt/rustwide/target/debug/deps/pin_project_internal-fcc19b350a0da251.pin_project_internal.4595d878f9106b69-cgu.1.rcgu.o" "/opt/rustwide/target/debug/deps/pin_project_internal-fcc19b350a0da251.pin_project_internal.4595d878f9106b69-cgu.10.rcgu.o" "/opt/rustwide/target/debug/deps/pin_project_internal-fcc19b350a0da251.pin_project_internal.4595d878f9106b69-cgu.11.rcgu.o" "/opt/rustwide/target/debug/deps/pin_project_internal-fcc19b350a0da251.pin_project_internal.4595d878f9106b69-cgu.12.rcgu.o" "/opt/rustwide/target/debug/deps/pin_project_internal-fcc19b350a0da251.pin_project_internal.4595d878f9106b69-cgu.13.rcgu.o" "/opt/rustwide/target/debug/deps/pin_project_internal-fcc19b350a0da251.pin_project_internal.4595d878f9106b69-cgu.14.rcgu.o" "/opt/rustwide/target/debug/deps/pin_project_internal-fcc19b350a0da251.pin_project_internal.4595d878f9106b69-cgu.15.rcgu.o" "/opt/rustwide/target/debug/deps/pin_project_internal-fcc19b350a0da251.pin_project_internal.4595d878f9106b69-cgu.2.rcgu.o" "/opt/rustwide/target/debug/deps/pin_project_internal-fcc19b350a0da251.pin_project_internal.4595d878f9106b69-cgu.3.rcgu.o" "/opt/rustwide/target/debug/deps/pin_project_internal-fcc19b350a0da251.pin_project_internal.4595d878f9106b69-cgu.4.rcgu.o" "/opt/rustwide/target/debug/deps/pin_project_internal-fcc19b350a0da251.pin_project_internal.4595d878f9106b69-cgu.5.rcgu.o" "/opt/rustwide/target/debug/deps/pin_project_internal-fcc19b350a0da251.pin_project_internal.4595d878f9106b69-cgu.6.rcgu.o" "/opt/rustwide/target/debug/deps/pin_project_internal-fcc19b350a0da251.pin_project_internal.4595d878f9106b69-cgu.7.rcgu.o" "/opt/rustwide/target/debug/deps/pin_project_internal-fcc19b350a0da251.pin_project_internal.4595d878f9106b69-cgu.8.rcgu.o" "/opt/rustwide/target/debug/deps/pin_project_internal-fcc19b350a0da251.pin_project_internal.4595d878f9106b69-cgu.9.rcgu.o" "/opt/rustwide/target/debug/deps/pin_project_internal-fcc19b350a0da251.4m4p3c711g08nopl.rcgu.rmeta" "/opt/rustwide/target/debug/deps/pin_project_internal-fcc19b350a0da251.3wz53rgk17hxl38z.rcgu.o" "-Wl,--as-needed" "-L" "/opt/rustwide/target/debug/deps" "-L" "/opt/rustwide/rustup-home/toolchains/e6e4f7ed1589e03bc2f6c5931c1a72e7947e8682/lib/rustlib/x86_64-unknown-linux-gnu/lib" "-Wl,-Bstatic" "/opt/rustwide/target/debug/deps/libsyn-c49b559b03e87b78.rlib" "/opt/rustwide/target/debug/deps/libquote-ef94b8c5958c4d6c.rlib" "/opt/rustwide/target/debug/deps/libproc_macro2-67cf8f4546c1c1f2.rlib" "/opt/rustwide/target/debug/deps/libunicode_xid-5a8677df346b7e22.rlib" "/opt/rustwide/rustup-home/toolchains/e6e4f7ed1589e03bc2f6c5931c1a72e7947e8682/lib/rustlib/x86_64-unknown-linux-gnu/lib/libproc_macro-65d7b1fec1d14dd1.rlib" "/opt/rustwide/rustup-home/toolchains/e6e4f7ed1589e03bc2f6c5931c1a72e7947e8682/lib/rustlib/x86_64-unknown-linux-gnu/lib/libstd-a8a9ba95b1228749.rlib" "/opt/rustwide/rustup-home/toolchains/e6e4f7ed1589e03bc2f6c5931c1a72e7947e8682/lib/rustlib/x86_64-unknown-linux-gnu/lib/libpanic_unwind-658322f66b02b1f7.rlib" "/opt/rustwide/rustup-home/toolchains/e6e4f7ed1589e03bc2f6c5931c1a72e7947e8682/lib/rustlib/x86_64-unknown-linux-gnu/lib/libobject-956ca946b7379eb6.rlib" "/opt/rustwide/rustup-home/toolchains/e6e4f7ed1589e03bc2f6c5931c1a72e7947e8682/lib/rustlib/x86_64-unknown-linux-gnu/lib/libmemchr-dd67659c95cf28db.rlib" "/opt/rustwide/rustup-home/toolchains/e6e4f7ed1589e03bc2f6c5931c1a72e7947e8682/lib/rustlib/x86_64-unknown-linux-gnu/lib/libaddr2line-43e984e033ffe85c.rlib" "/opt/rustwide/rustup-home/toolchains/e6e4f7ed1589e03bc2f6c5931c1a72e7947e8682/lib/rustlib/x86_64-unknown-linux-gnu/lib/libgimli-b33034ed520f9dde.rlib" "/opt/rustwide/rustup-home/toolchains/e6e4f7ed1589e03bc2f6c5931c1a72e7947e8682/lib/rustlib/x86_64-unknown-linux-gnu/lib/librustc_demangle-b682f100759c1cd5.rlib" "/opt/rustwide/rustup-home/toolchains/e6e4f7ed1589e03bc2f6c5931c1a72e7947e8682/lib/rustlib/x86_64-unknown-linux-gnu/lib/libstd_detect-4688e4e2de40eeae.rlib" "/opt/rustwide/rustup-home/toolchains/e6e4f7ed1589e03bc2f6c5931c1a72e7947e8682/lib/rustlib/x86_64-unknown-linux-gnu/lib/libhashbrown-bc98f60a979c8848.rlib" "/opt/rustwide/rustup-home/toolchains/e6e4f7ed1589e03bc2f6c5931c1a72e7947e8682/lib/rustlib/x86_64-unknown-linux-gnu/lib/librustc_std_workspace_alloc-f90abce6b91ba026.rlib" "/opt/rustwide/rustup-home/toolchains/e6e4f7ed1589e03bc2f6c5931c1a72e7947e8682/lib/rustlib/x86_64-unknown-linux-gnu/lib/libminiz_oxide-d2d517397bb596ef.rlib" "/opt/rustwide/rustup-home/toolchains/e6e4f7ed1589e03bc2f6c5931c1a72e7947e8682/lib/rustlib/x86_64-unknown-linux-gnu/lib/libadler-3c3cfff380065fd0.rlib" "/opt/rustwide/rustup-home/toolchains/e6e4f7ed1589e03bc2f6c5931c1a72e7947e8682/lib/rustlib/x86_64-unknown-linux-gnu/lib/libunwind-b4a016bd41fd2384.rlib" "/opt/rustwide/rustup-home/toolchains/e6e4f7ed1589e03bc2f6c5931c1a72e7947e8682/lib/rustlib/x86_64-unknown-linux-gnu/lib/libcfg_if-6b2e32ac6784fab1.rlib" "/opt/rustwide/rustup-home/toolchains/e6e4f7ed1589e03bc2f6c5931c1a72e7947e8682/lib/rustlib/x86_64-unknown-linux-gnu/lib/liblibc-69a45ab5967387b5.rlib" "/opt/rustwide/rustup-home/toolchains/e6e4f7ed1589e03bc2f6c5931c1a72e7947e8682/lib/rustlib/x86_64-unknown-linux-gnu/lib/liballoc-f366d4caf221188e.rlib" "/opt/rustwide/rustup-home/toolchains/e6e4f7ed1589e03bc2f6c5931c1a72e7947e8682/lib/rustlib/x86_64-unknown-linux-gnu/lib/librustc_std_workspace_core-522518611024dce5.rlib" "/opt/rustwide/rustup-home/toolchains/e6e4f7ed1589e03bc2f6c5931c1a72e7947e8682/lib/rustlib/x86_64-unknown-linux-gnu/lib/libcore-05898138a596088a.rlib" "/opt/rustwide/rustup-home/toolchains/e6e4f7ed1589e03bc2f6c5931c1a72e7947e8682/lib/rustlib/x86_64-unknown-linux-gnu/lib/libcompiler_builtins-737a1b3638f612c8.rlib" "-Wl,-Bdynamic" "-lgcc_s" "-lutil" "-lrt" "-lpthread" "-lm" "-ldl" "-lc" "-Wl,--eh-frame-hdr" "-Wl,-z,noexecstack" "-L" "/opt/rustwide/rustup-home/toolchains/e6e4f7ed1589e03bc2f6c5931c1a72e7947e8682/lib/rustlib/x86_64-unknown-linux-gnu/lib" "-o" "/opt/rustwide/target/debug/deps/libpin_project_internal-fcc19b350a0da251.so" "-Wl,--gc-sections" "-shared" "-Wl,-z,relro,-z,now" "-nodefaultlibs"
[INFO] [stdout]   = note: /usr/bin/ld: final link failed: No space left on device
[INFO] [stdout]           collect2: error: ld returned 1 exit status
[INFO] [stdout]           
[INFO] [stdout] 
[INFO] [stdout] 
[INFO] [stdout] error: aborting due to previous error
[INFO] [stdout] 
[INFO] [stdout] 
[INFO] [stderr] error: could not compile `async-trait` (lib) due to 2 previous errors
[INFO] [stderr] error: could not compile `pin-project-internal` (lib) due to 2 previous errors
[INFO] [stderr] The following warnings were emitted during compilation:
[INFO] [stderr] 
[INFO] [stderr] warning: sqlite3/sqlite3.c:235516:1: fatal error: error writing to /tmp/ccIm7Tw9.s: No space left on device
[INFO] [stderr] warning: 235516 | SQLITE_API const char *sqlite3_sourceid(void){ return SQLITE_SOURCE_ID; }
[INFO] [stderr] warning:        | ^~~~~~~~~~
[INFO] [stderr] warning: compilation terminated.
[INFO] [stderr] 
[INFO] [stderr] error: failed to run custom build command for `libsqlite3-sys v0.23.1`
[INFO] [stderr] note: To improve backtraces for build dependencies, set the CARGO_PROFILE_DEV_BUILD_OVERRIDE_DEBUG=true environment variable to enable debug information generation.
[INFO] [stderr] 
[INFO] [stderr] Caused by:
[INFO] [stderr]   process didn't exit successfully: `/opt/rustwide/target/debug/build/libsqlite3-sys-31b9c450127483aa/build-script-build` (exit status: 1)
[INFO] [stderr]   --- stdout
[INFO] [stderr]   cargo:rerun-if-changed=sqlite3/sqlite3.c
[INFO] [stderr]   cargo:rerun-if-changed=sqlite3/wasm32-wasi-vfs.c
[INFO] [stderr]   cargo:rerun-if-env-changed=SQLITE_MAX_VARIABLE_NUMBER
[INFO] [stderr]   cargo:rerun-if-env-changed=SQLITE_MAX_EXPR_DEPTH
[INFO] [stderr]   cargo:rerun-if-env-changed=LIBSQLITE3_FLAGS
[INFO] [stderr]   TARGET = Some("x86_64-unknown-linux-gnu")
[INFO] [stderr]   OPT_LEVEL = Some("0")
[INFO] [stderr]   HOST = Some("x86_64-unknown-linux-gnu")
[INFO] [stderr]   CC_x86_64-unknown-linux-gnu = None
[INFO] [stderr]   CC_x86_64_unknown_linux_gnu = None
[INFO] [stderr]   HOST_CC = None
[INFO] [stderr]   CC = None
[INFO] [stderr]   CFLAGS_x86_64-unknown-linux-gnu = None
[INFO] [stderr]   CFLAGS_x86_64_unknown_linux_gnu = None
[INFO] [stderr]   HOST_CFLAGS = None
[INFO] [stderr]   CFLAGS = None
[INFO] [stderr]   CRATE_CC_NO_DEFAULTS = None
[INFO] [stderr]   DEBUG = Some("true")
[INFO] [stderr]   CARGO_CFG_TARGET_FEATURE = Some("fxsr,sse,sse2")
[INFO] [stderr]   running: "cc" "-O0" "-ffunction-sections" "-fdata-sections" "-fPIC" "-g" "-fno-omit-frame-pointer" "-m64" "-DSQLITE_CORE" "-DSQLITE_DEFAULT_FOREIGN_KEYS=1" "-DSQLITE_ENABLE_API_ARMOR" "-DSQLITE_ENABLE_COLUMN_METADATA" "-DSQLITE_ENABLE_DBSTAT_VTAB" "-DSQLITE_ENABLE_FTS3" "-DSQLITE_ENABLE_FTS3_PARENTHESIS" "-DSQLITE_ENABLE_FTS5" "-DSQLITE_ENABLE_JSON1" "-DSQLITE_ENABLE_LOAD_EXTENSION=1" "-DSQLITE_ENABLE_MEMORY_MANAGEMENT" "-DSQLITE_ENABLE_RTREE" "-DSQLITE_ENABLE_STAT2" "-DSQLITE_ENABLE_STAT4" "-DSQLITE_SOUNDEX" "-DSQLITE_THREADSAFE=1" "-DSQLITE_USE_URI" "-DHAVE_USLEEP=1" "-D_POSIX_THREAD_SAFE_FUNCTIONS" "-DHAVE_ISNAN" "-DHAVE_LOCALTIME_R" "-o" "/opt/rustwide/target/debug/build/libsqlite3-sys-316cac9605450d75/out/sqlite3/sqlite3.o" "-c" "sqlite3/sqlite3.c"
[INFO] [stderr]   cargo:warning=sqlite3/sqlite3.c:235516:1: fatal error: error writing to /tmp/ccIm7Tw9.s: No space left on device
[INFO] [stderr]   cargo:warning=235516 | SQLITE_API const char *sqlite3_sourceid(void){ return SQLITE_SOURCE_ID; }
[INFO] [stderr]   cargo:warning=       | ^~~~~~~~~~
[INFO] [stderr]   cargo:warning=compilation terminated.
[INFO] [stderr]   exit status: 1
[INFO] [stderr] 
[INFO] [stderr]   --- stderr
[INFO] [stderr] 
[INFO] [stderr] 
[INFO] [stderr]   error occurred: Command "cc" "-O0" "-ffunction-sections" "-fdata-sections" "-fPIC" "-g" "-fno-omit-frame-pointer" "-m64" "-DSQLITE_CORE" "-DSQLITE_DEFAULT_FOREIGN_KEYS=1" "-DSQLITE_ENABLE_API_ARMOR" "-DSQLITE_ENABLE_COLUMN_METADATA" "-DSQLITE_ENABLE_DBSTAT_VTAB" "-DSQLITE_ENABLE_FTS3" "-DSQLITE_ENABLE_FTS3_PARENTHESIS" "-DSQLITE_ENABLE_FTS5" "-DSQLITE_ENABLE_JSON1" "-DSQLITE_ENABLE_LOAD_EXTENSION=1" "-DSQLITE_ENABLE_MEMORY_MANAGEMENT" "-DSQLITE_ENABLE_RTREE" "-DSQLITE_ENABLE_STAT2" "-DSQLITE_ENABLE_STAT4" "-DSQLITE_SOUNDEX" "-DSQLITE_THREADSAFE=1" "-DSQLITE_USE_URI" "-DHAVE_USLEEP=1" "-D_POSIX_THREAD_SAFE_FUNCTIONS" "-DHAVE_ISNAN" "-DHAVE_LOCALTIME_R" "-o" "/opt/rustwide/target/debug/build/libsqlite3-sys-316cac9605450d75/out/sqlite3/sqlite3.o" "-c" "sqlite3/sqlite3.c" with args "cc" did not execute successfully (status code exit status: 1).
[INFO] [stderr] 
[INFO] [stderr] 
[INFO] running `Command { std: "docker" "inspect" "7c67694efd44c292cd167145636e022a029f41abf6099ff1be5e826013265c7b", kill_on_drop: false }`
[INFO] running `Command { std: "docker" "rm" "-f" "7c67694efd44c292cd167145636e022a029f41abf6099ff1be5e826013265c7b", kill_on_drop: false }`
[INFO] [stdout] 7c67694efd44c292cd167145636e022a029f41abf6099ff1be5e826013265c7b
